uppose -f*d + 370 = -u, 0 = d - 2*d + 2*u + 89. List the prime factors of d.
3, 31
Let n = 3868 - 1495. List the prime factors of n.
3, 7, 113
Let t(x) = 6*x**2 - 3*x - 8. Let r be t(4). List the prime factors of (-6 - -7)*(r - 2).
2, 37
Let y = 91 - 86. Suppose -4*f + 5*s + 396 = s, 0 = -5*f - y*s + 465. List the prime factors of f.
2, 3
Let a(f) = 8*f**3 + f**2 - 2*f + 1. Let q be a(1). Suppose -q*d + 766 + 378 = 0. What are the prime factors of d?
11, 13
Let f = 606 - 108. List the prime factors of f.
2, 3, 83
Let t = 3938 + -2534. What are the prime factors of t?
2, 3, 13
Suppose -5*r - 2*y - 2127 + 10861 = 0, -2*r = 4*y - 3500. List the prime factors of r.
2, 3, 97
Suppose 0 = -5*o + 3*l + 279, -l - 55 = -3*o + 2*o. Let x = 97 - o. What are the prime factors of x?
2, 5
Suppose -2*m + 5*k = -16, -2*m + 12*k + 4 = 10*k. Suppose p - 7 = -r, 3*r + 2*p - 17 - 1 = 0. List the prime factors of r + 23 + (m - 2).
23
Let s(o) = 116*o + 1. Let w be s(-1). Let z = w + 157. What are the prime factors of z?
2, 3, 7
Let r = -123 + 126. Suppose -4*n - t + 528 = 0, n = 3*n + r*t - 254. What are the prime factors of n?
7, 19
Suppose -3*c + r = -1032, 1623 - 591 = 3*c - 3*r. What are the prime factors of c?
2, 43
Let v = -247 + 1591. List the prime factors of v.
2, 3, 7
Let v be (0/(-1))/(-4 - -3). Suppose -4*m + 2*b - 32 + 2 = 0, v = -4*m - 5*b - 9. List the prime factors of m + 24 + 0 + 1.
19
Let m = -21 + 20. Let w = 69 - m. What are the prime factors of w?
2, 5, 7
Let p = -128 - -328. Suppose p = 7*s - 3*s. List the prime factors of s.
2, 5
Let l(r) = -r - 5. Let c be l(-9). Suppose c*k = -k. Suppose 4*j - 22 - 62 = k. What are the prime factors of j?
3, 7
Let l = -232 - -138. Let v = l + 164. List the prime factors of v.
2, 5, 7
Let o = 860 - 492. What are the prime factors of o?
2, 23
List the prime factors of -4 - 20*(-7 + -10).
2, 3, 7
Let k = -36 - -17. Let j = 13 + -26. Let b = j - k. List the prime factors of b.
2, 3
Suppose 0*y + 80 = -4*y. Suppose l + 105 = 26. Let q = y - l. What are the prime factors of q?
59
Suppose 5*l = 2*l - 1626. Let d = -306 - l. What are the prime factors of d?
2, 59
Suppose 1203 + 597 = 6*z. What are the prime factors of z?
2, 3, 5
Let z(v) = v**2 + 3*v + 2. Let k = 8 - 8. Suppose k*b + 5*b = -35. What are the prime factors of z(b)?
2, 3, 5
Let c(o) = -24*o - 3. Let h(a) = -47*a - 5. Let r(l) = -11*c(l) + 6*h(l). List the prime factors of r(-2).
3, 13
Let t(p) = -46*p + 1. Let q be 1/(1 + 0 - 2). List the prime factors of t(q).
47
List the prime factors of 6/18*2487/1.
829
Let c(u) = 5*u**2 + 16*u - 10. List the prime factors of c(6).
2, 7, 19
Let f be (-25)/20*(1 + -5). Suppose -t + c - 10 = 0, f*c = 2*t + t + 38. Let h(j) = j**3 + 6*j**2 - 3*j - 5. List the prime factors of h(t).
13
Let i(q) = 27*q**2 + 2*q. Let f be i(-2). Let k(j) = 4*j**2 + 3*j + 2. Let a be k(-1). Suppose -a*p - p = -f. What are the prime factors of p?
2, 13
Suppose 30 = 8*k - 10. What are the prime factors of 22*54/20 - 2/k?
59
Suppose 0 = -17*z + 21*z - 20. Suppose 129 = 2*y + z*x, -y + 5*y + 4*x - 240 = 0. List the prime factors of y.
3, 19
Let s be (-2)/6 + (-110)/(-33). Suppose -s*a - 4*p + 59 = 0, p + 18 = a + 4*p. What are the prime factors of a?
3, 7
Let y(z) = -z**2 + 13*z - 24. Let p be y(10). Let u(j) = -j**2 + 21*j + 2. What are the prime factors of u(p)?
2, 23
Let p(c) = -5*c**3 - 21*c**2 - 17*c + 25. Let n(a) = 3*a**3 + 14*a**2 + 11*a - 17. Let b(l) = -8*n(l) - 5*p(l). What are the prime factors of b(8)?
3, 17
Suppose 257 + 168 = h. List the prime factors of h.
5, 17
Suppose -4*y = -13*y + 900. Suppose b + 4*m - 30 = 0, 0 = -4*b + m + 3*m + y. What are the prime factors of b?
2, 13
Let h(t) = 2*t**2 - 7*t + 12. Let a be h(7). Suppose j + r = 3*j - a, 5*r = -3*j + 124. List the prime factors of j.
3, 11
Suppose 10 = g - 2*i, -2*i - 3*i - 24 = -2*g. Suppose -g*f = -4*f - 14. What are the prime factors of (-12)/f*(-14)/(-1)?
2, 3
Suppose 226*y - 222*y - 17632 = 0. List the prime factors of y.
2, 19, 29
Let w(g) = g**3 - 10*g**2 + 2*g - 3. Suppose 0 = -3*y - y - 12. Let q be (5/y)/((-2)/12). List the prime factors of w(q).
17
Suppose 109 = y + 4*w, -6*y - 3*w = -10*y + 512. List the prime factors of y.
5
Suppose -369 = -2*u - 0*j + 3*j, u + 4*j = 212. List the prime factors of u.
2, 3
Let o(r) = 87*r**2 + 8*r - 5. What are the prime factors of o(5)?
2, 5, 13, 17
Let z(q) = 3*q**2 + 3*q - 1. Let f be z(1). Suppose -727 = -5*v - n, f*n + 135 = 7*v - 6*v. What are the prime factors of v?
5, 29
Let z = 928 + -460. What are the prime factors of z?
2, 3, 13
Suppose 2*y - 5*a = 129, 4*a = 3*y - 5*y + 156. Suppose -3*r - 4*o + 44 - 186 = 0, -134 = 3*r - 4*o. Let i = r + y. List the prime factors of i.
2, 13
Suppose -70*g = -91*g + 56133. What are the prime factors of g?
3, 11
Let a(x) = x**3 + 26*x**2 + 15*x - 39. What are the prime factors of a(-25)?
211
Let l = -2 + 2. Let w(a) = a**3 + a**2 - 17. Let y be w(l). Let t = y - -33. What are the prime factors of t?
2
What are the prime factors of 3594/15*(-10)/(-4)?
599
Let m(h) = 2*h**3 + 11*h**2 - 13*h - 67. Let u(a) = a**3 + 6*a**2 - 7*a - 33. Let t(g) = -6*m(g) + 11*u(g). What are the prime factors of t(0)?
3, 13
Let q(y) = 9*y - 4 + 0*y - 2*y. Let u be (-195)/(-21) - (-4)/112*-8. What are the prime factors of q(u)?
59
Suppose 22*u = 27*u - 11960. List the prime factors of u.
2, 13, 23
Suppose 50*y = 3*d + 45*y - 965, 0 = d - 4*y - 310. What are the prime factors of d?
2, 3, 5, 11
Let j be (-1344)/80 + 2/(-10). Let h = -39 - -60. Let q = j + h. What are the prime factors of q?
2
Let n = 102 - 96. Suppose 0 = -n*i - 6*i + 1788. List the prime factors of i.
149
Let z(a) = -a**3 + 8*a**2 + 11*a - 13. Let c be z(9). Let r be (-2)/c + 16/(-10). Let x(p) = -16*p - 1. List the prime factors of x(r).
31
Let o(q) = -q - 23. Let f be o(0). Let s = f - -41. Suppose s = a + 7. List the prime factors of a.
11
Let v(p) = 96*p**2 - 5*p + 3. What are the prime factors of v(-4)?
1559
Suppose 4*d = 3*i + 31 - 12, -2*d - 1 = -5*i. Let y = -2 + d. What are the prime factors of y?
5
Suppose -3*z + 2682 = 5*n - 5437, 5414 = 2*z + 4*n. What are the prime factors of z?
3, 17, 53
Suppose -7*b = -3 - 39. Suppose -5 = b*p - 107. What are the prime factors of p?
17
Suppose -q - 2*q - 4*n - 48 = 0, -3*q = -n + 33. Let k = q - -19. List the prime factors of 166/k - 6/(-21).
2, 3
Suppose -2 = -2*o + 4. Suppose -o*f + 144 = -0*f. Let v = f + -13. What are the prime factors of v?
5, 7
Suppose -2*n + 1453 + 205 = 0. What are the prime factors of n?
829
Let b = 725 + -313. What are the prime factors of b?
2, 103
What are the prime factors of ((-84576)/(-16))/((-8)/((-32)/12))?
2, 881
Suppose -19*o = -12*o - 1610. List the prime factors of o.
2, 5, 23
Let b = -9 - -7. Let l be b/4*(0 - 6). List the prime factors of l - (0/1 + -1).
2
Suppose -5*u + 17*u - 25896 = 0. What are the prime factors of u?
2, 13, 83
Suppose -4*i + 0 = -8. Suppose -s = 3*r - 68, -3*s + i*r + 193 = -0*s. What are the prime factors of s?
5, 13
Suppose -4*o - 4 = 0, 4*s + 3*o - 74 - 19 = 0. Let u(q) = 56*q**2 - 22*q**2 + q**3 + 4*q - s*q**2 - 3. What are the prime factors of u(-9)?
2, 3, 7
Let r = 17 + -9. Let z(s) = 0*s**2 + 2 + r*s**2 + 9*s + s**3 + 0*s**2. List the prime factors of z(-5).
2
Let i(m) = -m**3 - 8*m**2 - 6*m + 7. Let p be i(-7). Let s(b) = p*b + 0*b - 2*b. What are the prime factors of s(-9)?
2, 3
Suppose 9 = -2*b + 3. Let r be (17 - b - 3)*-2. Let m = r - -64. What are the prime factors of m?
2, 3, 5
Suppose h + h + 12 = 4*j, -2*h + 3*j - 7 = 0. Let v(s) = -1 - 2 + h - 12*s. List the prime factors of v(-3).
37
List the prime factors of ((-912)/(-40))/((-2)/(-90)).
2, 3, 19
Suppose 9*i = i + 32. Suppose -3*y + 238 - 23 = i*a, -a - 3*y + 56 = 0. List the prime factors of a.
53
Let x = 25 - 23. Let n(u) = 10*u**2 - 16*u**x + 26 + 5*u**2. What are the prime factors of n(0)?
2, 13
Let d(r) = -380*r + 478. What are the prime factors of d(-9)?
2, 1949
Let t(p) = p**3 - 5*p - 3. Let x be t(-3). Let v = 13 - x. List the prime factors of v.
2, 7
Let x = -14 - -11. Let r be x + 2 + (-1443)/3. List the prime factors of r/(-14) + 18/(-42).
2, 17
Let m be (-2 - 0)/(9/36). What are the prime factors of (-344)/(-12) + m/12?
2, 7
Let k be (-7)/(21/(-